= 3*d**3 + 48*d**2 - 111*d - 1984. Calculate b(-15).
356
Let p(o) = 1095*o + 9908. What is p(-9)?
53
Let h(t) = 45*t**3 + 15*t**2 + 16*t + 11. What is h(-2)?
-321
Let m(n) = 49*n**3 - 2938*n**2 - 119*n - 240. Calculate m(60).
-180
Let r(m) = -931*m - 17767. Determine r(-19).
-78
Let k(n) = 2*n**3 + 19*n**2 - 12*n + 554. What is k(-12)?
-22
Let k(a) = a**3 + 213*a**2 - 654*a - 1252. Determine k(-216).
44
Let h(p) = -2903*p - 6946. Give h(-2).
-1140
Let l(u) = 3*u**3 + 6*u**2 + 8*u - 35. Determine l(-5).
-300
Let u(h) = -7745*h + 77471. Calculate u(10).
21
Let m(a) = 589*a + 2333. Give m(-4).
-23
Let d(n) = 149*n**2 - 26382*n + 1594. What is d(177)?
1
Let r(g) = g**3 - 2*g**2 - 21*g + 71. What is r(-8)?
-401
Let i(q) = -6*q**2 + 4674*q - 9367. Give i(2).
-43
Let f(s) = s**2 - 104*s - 14700. Give f(184).
20
Let q(r) = -345822*r - 2766571. Give q(-8).
5
Let w(l) = -2*l**3 + 149*l**2 - 1762*l + 1335. Calculate w(60).
15
Let u(n) = -3*n**3 + 66*n**2 + 1496*n - 4607. Determine u(35).
-22
Let m(f) = -185150*f + 185124. Calculate m(1).
-26
Let q(a) = -25094*a - 1580924. Give q(-63).
-2
Let u(s) = 11*s**3 - 32*s**2 + 156*s - 1021. Give u(7).
2276
Let t(o) = 6*o**3 - 25*o**2 + 18*o + 37. Give t(3).
28
Let z(p) = -12*p**2 + 717*p + 80. Give z(60).
-100
Let j(y) = -6*y**3 - 55*y**2 + 1300*y + 11801. Determine j(-9).
20
Let m(f) = -f**3 + 331*f**2 - 2888*f - 3219. What is m(322)?
1
Let h(r) = -22*r - 3830. What is h(-170)?
-90
Let y(a) = a**3 - 27*a**2 - 343*a + 2205. Determine y(35).
0
Let z(a) = -177*a**3 - 47*a**2 - 119*a + 242. What is z(2)?
-1600
Let g(f) = -73*f + 1104. What is g(36)?
-1524
Let a(u) = -122*u - 1617. What is a(3)?
-1983
Let i(d) = d**2 + 2034*d + 1025997. What is i(-1108)?
-11
Let r(b) = 459*b + 91668. What is r(-191)?
3999
Let z(y) = y**3 + 3*y**2 - 82*y - 266. What is z(-3)?
-20
Let q(z) = 218*z**2 + 2277*z + 35. Calculate q(-11).
1366
Let p(v) = 110*v**2 + 2101*v + 3934. Calculate p(-17).
7
Let d(h) = 4074*h + 244561. Give d(-60).
121
Let i(c) = -c**3 + 68*c**2 + 3876*c + 955. What is i(105)?
10
Let l(q) = -1670*q - 17147. Give l(-10).
-447
Let m(u) = 341*u + 6736. Determine m(-20).
-84
Let r(f) = -f**3 - 4*f**2 + 37587*f + 112776. Calculate r(-3).
6
Let j(t) = -5019*t + 4744. Determine j(1).
-275
Let k(b) = -21167*b - 84699. What is k(-4)?
-31
Let l(q) = 1117*q - 162197. Calculate l(145).
-232
Let x(a) = -8115*a - 56745. What is x(-7)?
60
Let z(k) = -199*k**2 + 394*k - 1107. Determine z(3).
-1716
Let d(s) = 2*s**3 - 68*s**2 - 171*s + 308. Determine d(36).
-664
Let m(r) = r**2 + 2854*r + 107014. What is m(-38)?
6
Let z(h) = -117*h + 34657. Calculate z(296).
25
Let y(x) = -x**3 + 516*x**2 - 46689*x + 2507. Give y(399).
113
Let r(j) = j**2 - 91634*j + 10250472. Calculate r(112).
8
Let s(t) = 21*t**3 - 17*t**2 - 25*t + 13. Calculate s(-3).
-632
Let g(k) = -151*k**2 + 1294*k + 11483. Determine g(14).
3
Let m(n) = -73093*n + 438566. Calculate m(6).
8
Let w(d) = 23*d**2 + 47439*d + 47441. What is w(-1)?
25
Let l(x) = 10*x**2 - 444*x - 5698. Calculate l(-11).
396
Let d(q) = q**3 - 222*q**2 - 453*q + 1112. What is d(224)?
-8
Let y(i) = 84*i**2 + 525*i + 206. Determine y(-6).
80
Let n(b) = 52913*b + 7090330. Calculate n(-134).
-12
Let m(u) = -2706*u - 30269. Calculate m(-11).
-503
Let w(l) = -l**3 - 26*l**2 - 72*l + 375. What is w(-22)?
23
Let c(g) = -g**3 + 580*g**2 + 6497*g - 4. What is c(-11)?
40
Let b(w) = -w**3 + 2042*w**2 - 8238*w + 175260. Give b(2038).
-8
Let a(l) = -3*l**3 - 47*l**2 - 36*l + 18. What is a(-11)?
-1280
Let a(c) = -177*c - 14280. Determine a(-82).
234
Let p(y) = -20*y**3 - 69*y**2 + 801*y + 3262. What is p(-5)?
32
Let h(d) = d**3 - 3*d**2 - 32*d + 143. Calculate h(5).
33
Let i(s) = -152*s + 35741. Calculate i(235).
21
Let c(p) = -11*p**2 + 72*p - 158. What is c(8)?
-286
Let z(k) = k**3 - 13*k**2 - 1239*k + 12417. Give z(10).
-273
Let g(u) = 98*u**3 - 306*u**2 - 577*u + 70. What is g(-2)?
-784
Let a(l) = 17*l**2 - 13665*l + 227397. Give a(17).
5
Let w(n) = -n**3 + 59*n**2 - 137*n - 1906. Determine w(56).
-170
Let l(k) = 328*k + 63267. What is l(-196)?
-1021
Let f(q) = q**3 - 157*q**2 - 1199*q + 8807. Determine f(164).
443
Let z(v) = 88*v + 3744. Determine z(-40).
224
Let s(r) = 22*r**2 - 5665*r - 2835. What is s(258)?
3
Let i(s) = -1642*s - 525562. Determine i(-320).
-122
Let n(r) = -55839*r + 335012. Give n(6).
-22
Let h(p) = 6214*p - 53195. Give h(8).
-3483
Let g(x) = x**3 - 364*x**2 + 592*x + 47729. What is g(362)?
-55
Let d(w) = 13*w - 595. Determine d(-75).
-1570
Let d(l) = 23*l**2 + 1811*l + 327. Calculate d(-79).
801
Let x(w) = 689*w - 168074. What is x(244)?
42
Let a(z) = 1152*z - 26299. Determine a(23).
197
Let v(l) = -l**2 - 103*l - 372. Give v(-84).
1224
Let k(o) = -2*o**2 - 364*o - 13625. Determine k(-54).
199
Let q(x) = -193*x + 69095. What is q(358)?
1
Let y(k) = k**3 + 75*k**2 - 235*k + 6433. What is y(-79)?
34
Let y(z) = -1240*z**3 - 6*z**2 + 218*z + 225. Determine y(-1).
1241
Let a(j) = -421*j**2 - 61034*j + 1587. Give a(-145).
-8
Let w(q) = -338*q**2 + 3490*q - 6286. Give w(8).
2
Let u(k) = -645*k + 38025. What is u(59)?
-30
Let k(l) = l**2 - 585487*l - 3512950. Give k(-6).
8
Let z(s) = 3688*s - 3748. Give z(1).
-60
Let f(n) = -2958*n + 2008464. Give f(679).
-18
Let n(y) = -2*y**3 + 21*y**2 - 88*y + 1874. Determine n(13).
-115
Let h(y) = 2*y**3 + 15*y**2 + 15*y + 378. Give h(-9).
0
Let j(t) = 129508*t + 10101621. Determine j(-78).
-3
Let p(y) = -38*y**3 + 212*y**2 - 120*y + 21. Give p(5).
-29
Let x(i) = 130387*i - 260848. Calculate x(2).
-74
Let x(u) = -97*u**2 + 520*u + 60. Calculate x(3).
747
Let h(q) = q**3 + 54*q**2 + 2846*q + 142491. Give h(-52).
-93
Let s(y) = -2*y**3 - 63*y**2 - 226*y - 29. Calculate s(-28).
811
Let b(m) = -m**3 - 103*m**2 - 1456*m + 552. Determine b(-86).
36
Let s(d) = d**3 - 89*d**2 - 3474*d - 29518. Give s(120).
2
Let p(z) = 820*z**3 - 2*z**2 + 192*z + 193. What is p(-1)?
-821
Let c(j) = 22*j**2 - 420*j + 1930. Determine c(9).
-68
Let d(j) = -2*j**3 + 24*j**2 + 38*j - 66. Determine d(14).
-318
Let i(y) = -1057*y**2 - 3324*y - 480. Give i(-3).
-21
Let n(v) = -9*v**3 + 11968*v**2 + 14628*v + 17300. Determine n(1331).
-3
Let y(k) = -82*k + 4933. Determine y(54).
505
Let y(i) = 763*i + 57226. What is y(-75)?
1
Let k(j) = j**3 - 3*j**2 - 25*j + 105. Determine k(7).
126
Let h(j) = 47*j**3 + 10*j**2 + 2*j - 90. What is h(3)?
1275
Let g(f) = 8013*f - 1073788. Calculate g(134).
-46
Let k(j) = -3*j**3 + 1429*j**2 + 2709*j - 152509. What is k(478)?
-27
Let g(q) = 2*q**2 - 82*q - 1547. Give g(62).
1057
Let p(k) = 58*k**2 - 931*k + 52. What is p(16)?
4
Let r(b) = 4*b**3 - 12*b**2 + 17*b - 17. Determine r(4).
115
Let t(a) = 460*a + 12688. What is t(-28)?
-192
Let n(p) = 118*p**3 + 3*p**2 + 6*p + 14. Calculate n(-3).
-3163
Let b(o) = -2*o**2 + 8625*o + 60482. Calculate b(-7).
9
Let j(z) = -2311*z - 27562. Give j(-13).
2481
Let t(p) = 4811*p - 380775. Give t(79).
-706
Let y(c) = 37*c**3 - 35*c**2 - c - 12. Calculate y(3).
669
Let q(a) = 1945*a + 390963. Give q(-201).
18
Let s(b) = -3371*b - 2090049. Determine s(-620).
-29
Let x(c) = -71761*c - 143554. What is x(-2)?
-32
Let j(o) = 2787*o + 225754. What is j(-81)?
7
Let r(i) = -i**3 + 279*i**2 + 5975*i + 97. Determine r(-20).
197
Let d(g) = -2*g**2 + 1224*g - 55162. What is d(563)?
12
Let m(u) = u - 127. What is m(139)?
12
Let i(h) = -18179*h + 472648. What is i(26)?
-6
Let o(z) = -z**3 - 56*z**2 - 279*z + 67. What is o(-50)?
-983
Let p(m) = -5*m**2 - 12*m + 166. Give p(11).
-571
Let f(j) = 6189*j + 891205. Calculate f(-144).
-11
Let o(s) = -27*s**2 - 1432*s + 8035. Determine o(5).
200
Let c(z) = z**3 - 18*z**2 + 10509*z - 189003. Calculate c(18).
159
Let b(w) = -37435*w - 449422. Calculate b(-12).
-202
Let u(i) = i**2 - 1405*i + 462722. Calculate u(527).
16
Let p(j) = 740*j**2 + 958*j + 956. What is p(-1)?
738
Let t(h) = h**2 - 634*h - 3884. What is t(-6)?
-44
Let h(w) = 195*w - 45438. What is h(233)?
-3
Let d(z) = -11*z**3 - 316*z**2 + 68*z - 552. Calculate d(-29).
-1
Let x(o) = -49*o**2 - 12529*o - 45607. What is x(-252)?
5
Let l(j) = -9*j**2 + 1489*j - 1004. Give l(165).
-344
Let v(h) = -265015*h - 1059970. Calculate v(-4).
90
Let y(f) = -3*f**3 - 28*f**2 + 368*f - 12. Determine y(10).
-2132
Let j(h) = 3*h**3 + 278*h**2 - 4218*h + 23